is divided by c(0)?
6
Let p(i) = 2*i**2 - 2*i + 1. Let b be p(1). Suppose 0 = -h - y + b, -y = 2*h - 11 + 5. What is the remainder when 14 is divided by h?
4
Let f(y) = -y + 3. Let l be f(0). Suppose 63 = -0*j + l*j. What is the remainder when j is divided by 11?
10
Let a = 115 - 77. What is the remainder when a is divided by 13?
12
Let y be 4/(-6)*6 + -3. Calculate the remainder when 32 is divided by (y - -5)*22/(-4).
10
Suppose 1 = 5*f + 16, 5*f + 26 = v. What is the remainder when 31 is divided by v?
9
Suppose 4*n - 41 - 63 = -5*d, 2*n + 56 = 2*d. Let x = d - 0. What is the remainder when 70 is divided by x?
22
Suppose 6*y - y = 250. Suppose 4*l = -10 + 78. Calculate the remainder when y is divided by l.
16
Let w(a) = 60*a**2 + a + 1. Let t be w(-1). Suppose -3*i = -6*i + t. Calculate the remainder when i is divided by 7.
6
Let m = -4 - -7. Let q(n) = n**3 - 2*n**2 + n + 1. Let b be q(2). Suppose -y + 3*k = -20, 28 - b = -5*k. Calculate the remainder when y is divided by m.
2
Let i(q) = q + 23. Let l(z) = -8*z**3 + 3. Calculate the remainder when l(-2) is divided by i(0).
21
Suppose z + 92 = 4*d + 5*z, 0 = -3*d + 2*z + 44. What is the remainder when 69 is divided by d?
15
Let v = 3 + -1. Let c = v - -7. Calculate the remainder when 17 is divided by c.
8
Suppose 4 + 4 = 2*o. Suppose 5*x - 4*x + o = 5*q, q = 2*x - 10. Calculate the remainder when x is divided by (-1)/10*-14 - (-12)/20.
0
Let w be (4/10)/((-7)/(-770)). Let i = -28 + w. Calculate the remainder when 63 is divided by i.
15
Let r(d) = d**2 - 4*d. Let t be r(4). Suppose 6*y - 3*y - 6 = t. What is the remainder when 28 + (2 - y)/(-1) is divided by 15?
13
What is the remainder when 1/(2 - 37/19) is divided by 7?
5
Suppose -w = 4*w - 335. Calculate the remainder when w is divided by ((-17)/4)/((-17)/68).
16
Let a(o) = o**2 - 3*o - 7. Let x be a(5). Suppose 2*k + 2 = 0, 5*y + x*k - 48 = k. Let c(b) = 28*b**2 - b. What is the remainder when c(-1) is divided by y?
9
Suppose 5*q - 43 = 27. Calculate the remainder when q is divided by 6.
2
Suppose -w + 12 = 2*w. Suppose -3*q - f = -29, -3*q - w*f = -0*f - 17. Calculate the remainder when 20 is divided by q.
9
Suppose -2*d - 2*a + 36 = 0, 5*d + 4*a - 3*a = 102. Calculate the remainder when d is divided by 12 + 0 - (1 + 0).
10
Suppose -3*d = -0 - 6. What is the remainder when 23 is divided by (-2)/1 + d*7?
11
Let t(r) = 3*r**2 + 6*r - 7. What is the remainder when t(-7) is divided by 20?
18
Let f be 3 + (-3)/(-3) + -3. Let h(w) = 4*w. Calculate the remainder when 14 is divided by h(f).
2
Let o = 86 + -71. Calculate the remainder when o is divided by 8/(-6)*(-9)/2.
3
Calculate the remainder when 23 is divided by 2*(-1)/(-2)*7.
2
Suppose 0 = -2*o + 5*z - 4, -4*o - 3*z - 2*z = -52. What is the remainder when o is divided by 5?
3
Let k = 1 + 0. Suppose -8 - 6 = -7*v. What is the remainder when v is divided by k?
0
Suppose 4*h + 5 = 4*f - 11, 0 = 3*f - 5*h - 18. Let z(m) = m**3 - m + 32. Let p be z(0). What is the remainder when (-1)/(f - p/31) is divided by 11?
9
Let r(a) = 11*a**2 - 3*a + 2. Let l be r(2). Suppose -25 - l = -3*w - 2*h, 3*h - 40 = -2*w. What is the remainder when w/2 + (-2)/4 is divided by 6?
5
Let u(c) = -c**3 + 9*c**2 + 12*c - 12. Let x(d) = 2*d - 6. Let l be x(8). Calculate the remainder when 31 is divided by u(l).
7
Calculate the remainder when 101 is divided by (-2640)/(-100) - (-2)/(-5).
23
What is the remainder when 31 is divided by ((-30)/6 - -12) + 1 + 0?
7
Let g = 64 + 24. What is the remainder when g is divided by 31?
26
Suppose -3*l + 163 = -11. Let z = -13 - -15. Let w(a) = 3*a**3 - 2*a**2 + 2*a. Calculate the remainder when l is divided by w(z).
18
What is the remainder when 4/6 - 513/(-81) is divided by (-42)/(-8) + (-3)/12?
2
Let k(r) = -r**2 + 14*r - 1. Calculate the remainder when 35 is divided by k(13).
11
Let d(b) = b**2 + 1. Let a = 28 + -21. Calculate the remainder when d(-5) is divided by a.
5
Let y(t) = -2*t**3 - t. Let n be y(1). Let u = n + -21. Let h = 7 - u. What is the remainder when h is divided by 11?
9
Suppose 3*j - 268 = j. Calculate the remainder when j is divided by 34.
32
Suppose q - 2*q + 5 = 0. What is the remainder when 44 is divided by q?
4
Let z(i) = 2*i**2 + 14*i - 15. Calculate the remainder when z(-11) is divided by (-102)/(-4) + 4/(-8).
23
Suppose 4*i - 24 = -2*g + 8, 2 = i - g. Let h be 0*(1 + (1 - 1)). Suppose 4*x + y - 2*y = 67, h = -2*x - 3*y + 23. What is the remainder when x is divided by i?
4
Let b(v) = 10*v**2 - 2*v + 2. What is the remainder when 59 is divided by b(1)?
9
Let f = -136 - -214. Suppose g - f = -2*g. What is the remainder when g is divided by 14?
12
Let g = 50 - 34. Calculate the remainder when ((-2)/(-2) + -95)/(21 + -23) is divided by g.
15
Suppose 3*j = -0*j - 75. Calculate the remainder when 52 is divided by (-460)/j + (-4)/10.
16
Let d(t) = -t**3 + 13*t**2 + t - 12. Let r be d(13). What is the remainder when r/(-2) - 1050/(-12) is divided by 22?
21
Suppose -4 = -r - 8. Let j(s) = -3*s**3 + 6*s**2 - 6. Let w be j(5). What is the remainder when 19 is divided by r/(-10) + w/(-35)?
5
Let c(a) = 0*a + 8 + 0*a**2 + a - 2*a - a**2. What is the remainder when 15 is divided by c(0)?
7
Let o = 34 + -24. Suppose -114 = 54*k - 60*k. Calculate the remainder when k is divided by o.
9
Calculate the remainder when (-456)/4*2/(-4) is divided by 15.
12
Suppose 0 = 4*l - 4*f + f - 14, -3*f - 9 = -3*l. Let v(z) = z**3 - 6*z**2 + 12*z - 23. What is the remainder when v(5) is divided by l?
2
Let f be 1/3 + 8/12. Let s(q) = 8*q**3 + q**2 - 1. What is the remainder when 14 is divided by s(f)?
6
Suppose 3*w = 2*w + 27. Suppose 11 = 3*r - 3*j - 16, r = 3*j + 17. Suppose -g + 54 = r*l - 14, -5*g + 60 = 5*l. What is the remainder when w is divided by l?
13
Suppose g - 86 = -2*g - 5*b, -46 = -3*g + 5*b. What is the remainder when 42 is divided by g?
20
Suppose -5*y - i - 3*i = -1827, -i = y - 366. Suppose -275 = -3*k - 2*t, -t - y = -3*k - k. What is the remainder when k is divided by 23?
22
Let g be (-2)/((-6)/1)*-6. What is the remainder when (g - -1)/((-4)/168) is divided by 11?
9
Let h = 24 - 10. Let y = h + -8. What is the remainder when y is divided by 4?
2
Let i(y) = 6*y + y**2 + y**2 + 9 - 4 - 8. What is the remainder when 99 is divided by i(-5)?
14
Let m be (3 - 6) + (-1 - -1). Let w = m + 5. What is the remainder when 2 is divided by w?
0
Suppose -i = r - 3*i - 8, 5 = 4*r + i. Suppose r*t - 25 - 17 = 0. Calculate the remainder when t is divided by 12.
9
Let z be (3/6)/(5/30). Suppose u - 5 = -z*i + 19, -3*u + 3*i = -120. Calculate the remainder when u is divided by 19.
17
Let s = 14 + -1. What is the remainder when (-897)/26*2/(-3) is divided by s?
10
Let b = 94 - -34. Suppose 4*d = -4*w + b, 3 = -d + 6. What is the remainder when w is divided by 15?
14
Let o(h) = -49*h**3 - 2*h**2 + h + 3. Calculate the remainder when o(-1) is divided by 17.
15
Let u = 0 - -17. Calculate the remainder when u is divided by 5.
2
Let m be (-4)/(26/10 - 3). What is the remainder when 59 is divided by 6/4*1*m?
14
Suppose 85 = 5*c + 3*f, 3*f - 17 + 2 = 0. Let s = c + -6. Calculate the remainder when s is divided by 5.
3
Let w(t) = -t**2 + 11*t - 4. Let n be w(13). Let s = n + 61. Calculate the remainder when s is divided by 11.
9
Let g(w) = 12*w + 60. Calculate the remainder when g(8) is divided by 20.
16
Let a = 13 + -3. Let c(j) = -j**3 - 6*j**2 - 3*j + 1. Calculate the remainder when c(-6) is divided by a.
9
Let z(y) = -y + 8. Let c be z(5). Suppose 0 = 7*f - c*f - 32. What is the remainder when 13 is divided by f?
5
Let p(h) = -6*h + 2. Calculate the remainder when 59 is divided by p(-3).
19
What is the remainder when (-3)/(-1) + 33 + 1 is divided by 26?
11
Suppose -5*h + t = -12, -4*h = -3*h - 4*t - 10. Suppose 0 = -4*g + 3*j + 5, -4*j - 3 = -5*g + 3. Calculate the remainder when g is divided by h.
0
Let g = 80 + -122. Suppose 5*c - 400 + 65 = 0. Let w = c + g. What is the remainder when w is divided by 9?
7
Suppose -42 = -9*u + 6*u. Suppose -u = 3*d - 6*d - 4*y, 2*d = 5*y - 6. Calculate the remainder when 2 is divided by d.
0
Suppose -2*k - y - 2*y = -64, 3*k = 4*y + 79. Suppose 0 = 3*t + 2*o - 14, o - k = -5*t + 6. What is the remainder when 13 is divided by t?
5
Suppose -4*p - 2 + 6 = 